{"id":13,"date":"2019-04-30T10:19:04","date_gmt":"2019-04-30T08:19:04","guid":{"rendered":"http:\/\/prendre-soin.org\/?page_id=13"},"modified":"2024-02-08T10:56:42","modified_gmt":"2024-02-08T09:56:42","slug":"prendre-soin","status":"publish","type":"page","link":"https:\/\/prendre-soin.org\/","title":{"rendered":"Prendre-soin"},"content":{"rendered":"\n<p><a href=\"https:\/\/prendre-soin.org\/wp-content\/uploads\/2019\/09\/Projet-de-lassociation.pdf\">Association \u00e0 but non lucratif ayant pour&nbsp;objectif de donner aux personnes sans ressources l&rsquo;acc\u00e8s aux soins du dispensaire LANODO <\/a><\/p>\n\n\n\n<p><a href=\"https:\/\/prendre-soin.org\/wp-content\/uploads\/2024\/02\/Stage-et-prix-2024.pdf\" data-type=\"link\" data-id=\"https:\/\/prendre-soin.org\/wp-content\/uploads\/2024\/02\/Stage-et-prix-2024.pdf\">Organisation de stages humanitaires et b\u00e9n\u00e9volats<\/a><\/p>\n\n\n\n<p><\/p>\n\n\n\n<p><strong>BUTS<\/strong>&nbsp;:<br>Rendre&nbsp; les soins infirmiers accessibles \u00e0 tous.<\/p>\n\n\n\n<p>Un des objectifs principaux&nbsp;: promotion de la sant\u00e9 publique. Nous ne voulons pas nous substituer \u00e0 l\u2019\u00e9tat, mais apporter notre pierre \u00e0 l\u2019\u00e9difice&nbsp;: Sant\u00e9 publique.&nbsp;<\/p>\n\n\n\n<p>Etre active dans la formation des jeunes surtout dans les milieux d\u00e9favoris\u00e9s.<\/p>\n\n\n\n<p>Etre un pont entre les pays d\u00e9velopp\u00e9s&nbsp; et les pays en voie de d\u00e9veloppement.<\/p>\n\n\n\n<p>L\u2019association va agir selon le code civil Suisse o\u00f9 se trouve son &nbsp;si\u00e8ge principal.<\/p>\n\n\n\n<p>Toutefois il y aura une antenne charg\u00e9e de coordonner les activit\u00e9s de l\u2019association dans le pays&nbsp; o\u00f9 l\u2019association exerce la plupart de ses activit\u00e9s.<\/p>\n\n\n\n<p><a href=\"https:\/\/prendre-soin.org\/wp-content\/uploads\/2019\/09\/Proc\u00e8s-verbal-18-juin-2019-Sign\u00e9.pdf\">Proc\u00e8s verbal de l&rsquo;assembl\u00e9e constitutive <\/a>  &#8211;  <a href=\"https:\/\/prendre-soin.org\/wp-content\/uploads\/2019\/09\/Statuts-Prendre-soin-sign\u00e9.pdf\"> Statuts prendre soin<\/a><\/p>\n","protected":false},"excerpt":{"rendered":"<p>Ceci est un extrait <a href=\"https:\/\/prendre-soin.org\/\">Continuer la lecture <span class=\"meta-nav\">&rarr;<\/span><\/a><\/p>\n","protected":false},"author":1,"featured_media":0,"parent":0,"menu_order":1,"comment_status":"closed","ping_status":"closed","template":"","meta":{"footnotes":""},"class_list":["post-13","page","type-page","status-publish","hentry"],"yoast_head":"<!-- This site is optimized with the Yoast SEO plugin v23.1 - https:\/\/yoast.com\/wordpress\/plugins\/seo\/ -->\n<title>Prendre-soin - Prendre Soin<\/title>\n<meta name=\"robots\" content=\"index, follow, max-snippet:-1, max-image-preview:large, max-video-preview:-1\" \/>\n<link rel=\"canonical\" href=\"https:\/\/prendre-soin.org\/\" \/>\n<meta property=\"og:locale\" content=\"fr_FR\" \/>\n<meta property=\"og:type\" content=\"article\" \/>\n<meta property=\"og:title\" content=\"Prendre-soin - Prendre Soin\" \/>\n<meta property=\"og:description\" content=\"Ceci est un extrait Continuer la lecture &rarr;\" \/>\n<meta property=\"og:url\" content=\"https:\/\/prendre-soin.org\/\" \/>\n<meta property=\"og:site_name\" content=\"Prendre Soin\" \/>\n<meta property=\"article:modified_time\" content=\"2024-02-08T09:56:42+00:00\" \/>\n<meta name=\"twitter:card\" content=\"summary_large_image\" \/>\n<meta name=\"twitter:label1\" content=\"Dur\u00e9e de lecture estim\u00e9e\" \/>\n\t<meta name=\"twitter:data1\" content=\"1 minute\" \/>\n<script type=\"application\/ld+json\" class=\"yoast-schema-graph\">{\"@context\":\"https:\/\/schema.org\",\"@graph\":[{\"@type\":\"WebPage\",\"@id\":\"https:\/\/prendre-soin.org\/\",\"url\":\"https:\/\/prendre-soin.org\/\",\"name\":\"Prendre-soin - Prendre Soin\",\"isPartOf\":{\"@id\":\"https:\/\/prendre-soin.org\/#website\"},\"datePublished\":\"2019-04-30T08:19:04+00:00\",\"dateModified\":\"2024-02-08T09:56:42+00:00\",\"breadcrumb\":{\"@id\":\"https:\/\/prendre-soin.org\/#breadcrumb\"},\"inLanguage\":\"fr-FR\",\"potentialAction\":[{\"@type\":\"ReadAction\",\"target\":[\"https:\/\/prendre-soin.org\/\"]}]},{\"@type\":\"BreadcrumbList\",\"@id\":\"https:\/\/prendre-soin.org\/#breadcrumb\",\"itemListElement\":[{\"@type\":\"ListItem\",\"position\":1,\"name\":\"Accueil\",\"item\":\"https:\/\/prendre-soin.org\/\"},{\"@type\":\"ListItem\",\"position\":2,\"name\":\"Prendre-soin\"}]},{\"@type\":\"WebSite\",\"@id\":\"https:\/\/prendre-soin.org\/#website\",\"url\":\"https:\/\/prendre-soin.org\/\",\"name\":\"Prendre Soin\",\"description\":\"Association \u00e0 but non lucratif ayant pour but de donner aux personnes sans ressources l&#039;acc\u00e8s aux soins du dispensaire LANODO\",\"publisher\":{\"@id\":\"https:\/\/prendre-soin.org\/#organization\"},\"potentialAction\":[{\"@type\":\"SearchAction\",\"target\":{\"@type\":\"EntryPoint\",\"urlTemplate\":\"https:\/\/prendre-soin.org\/?s={search_term_string}\"},\"query-input\":\"required name=search_term_string\"}],\"inLanguage\":\"fr-FR\"},{\"@type\":\"Organization\",\"@id\":\"https:\/\/prendre-soin.org\/#organization\",\"name\":\"Prendre Soin\",\"url\":\"https:\/\/prendre-soin.org\/\",\"logo\":{\"@type\":\"ImageObject\",\"inLanguage\":\"fr-FR\",\"@id\":\"https:\/\/prendre-soin.org\/#\/schema\/logo\/image\/\",\"url\":\"https:\/\/prendre-soin.org\/wp-content\/uploads\/2024\/07\/Logo-Prendre-soi-et-mains.png\",\"contentUrl\":\"https:\/\/prendre-soin.org\/wp-content\/uploads\/2024\/07\/Logo-Prendre-soi-et-mains.png\",\"width\":650,\"height\":116,\"caption\":\"Prendre Soin\"},\"image\":{\"@id\":\"https:\/\/prendre-soin.org\/#\/schema\/logo\/image\/\"}}]}<\/script>\n<!-- \/ Yoast SEO plugin. -->","yoast_head_json":{"title":"Prendre-soin - Prendre Soin","robots":{"index":"index","follow":"follow","max-snippet":"max-snippet:-1","max-image-preview":"max-image-preview:large","max-video-preview":"max-video-preview:-1"},"canonical":"https:\/\/prendre-soin.org\/","og_locale":"fr_FR","og_type":"article","og_title":"Prendre-soin - Prendre Soin","og_description":"Ceci est un extrait Continuer la lecture &rarr;","og_url":"https:\/\/prendre-soin.org\/","og_site_name":"Prendre Soin","article_modified_time":"2024-02-08T09:56:42+00:00","twitter_card":"summary_large_image","twitter_misc":{"Dur\u00e9e de lecture estim\u00e9e":"1 minute"},"schema":{"@context":"https:\/\/schema.org","@graph":[{"@type":"WebPage","@id":"https:\/\/prendre-soin.org\/","url":"https:\/\/prendre-soin.org\/","name":"Prendre-soin - Prendre Soin","isPartOf":{"@id":"https:\/\/prendre-soin.org\/#website"},"datePublished":"2019-04-30T08:19:04+00:00","dateModified":"2024-02-08T09:56:42+00:00","breadcrumb":{"@id":"https:\/\/prendre-soin.org\/#breadcrumb"},"inLanguage":"fr-FR","potentialAction":[{"@type":"ReadAction","target":["https:\/\/prendre-soin.org\/"]}]},{"@type":"BreadcrumbList","@id":"https:\/\/prendre-soin.org\/#breadcrumb","itemListElement":[{"@type":"ListItem","position":1,"name":"Accueil","item":"https:\/\/prendre-soin.org\/"},{"@type":"ListItem","position":2,"name":"Prendre-soin"}]},{"@type":"WebSite","@id":"https:\/\/prendre-soin.org\/#website","url":"https:\/\/prendre-soin.org\/","name":"Prendre Soin","description":"Association \u00e0 but non lucratif ayant pour but de donner aux personnes sans ressources l&#039;acc\u00e8s aux soins du dispensaire LANODO","publisher":{"@id":"https:\/\/prendre-soin.org\/#organization"},"potentialAction":[{"@type":"SearchAction","target":{"@type":"EntryPoint","urlTemplate":"https:\/\/prendre-soin.org\/?s={search_term_string}"},"query-input":"required name=search_term_string"}],"inLanguage":"fr-FR"},{"@type":"Organization","@id":"https:\/\/prendre-soin.org\/#organization","name":"Prendre Soin","url":"https:\/\/prendre-soin.org\/","logo":{"@type":"ImageObject","inLanguage":"fr-FR","@id":"https:\/\/prendre-soin.org\/#\/schema\/logo\/image\/","url":"https:\/\/prendre-soin.org\/wp-content\/uploads\/2024\/07\/Logo-Prendre-soi-et-mains.png","contentUrl":"https:\/\/prendre-soin.org\/wp-content\/uploads\/2024\/07\/Logo-Prendre-soi-et-mains.png","width":650,"height":116,"caption":"Prendre Soin"},"image":{"@id":"https:\/\/prendre-soin.org\/#\/schema\/logo\/image\/"}}]}},"_links":{"self":[{"href":"https:\/\/prendre-soin.org\/index.php\/wp-json\/wp\/v2\/pages\/13","targetHints":{"allow":["GET"]}}],"collection":[{"href":"https:\/\/prendre-soin.org\/index.php\/wp-json\/wp\/v2\/pages"}],"about":[{"href":"https:\/\/prendre-soin.org\/index.php\/wp-json\/wp\/v2\/types\/page"}],"author":[{"embeddable":true,"href":"https:\/\/prendre-soin.org\/index.php\/wp-json\/wp\/v2\/users\/1"}],"replies":[{"embeddable":true,"href":"https:\/\/prendre-soin.org\/index.php\/wp-json\/wp\/v2\/comments?post=13"}],"version-history":[{"count":22,"href":"https:\/\/prendre-soin.org\/index.php\/wp-json\/wp\/v2\/pages\/13\/revisions"}],"predecessor-version":[{"id":491,"href":"https:\/\/prendre-soin.org\/index.php\/wp-json\/wp\/v2\/pages\/13\/revisions\/491"}],"wp:attachment":[{"href":"https:\/\/prendre-soin.org\/index.php\/wp-json\/wp\/v2\/media?parent=13"}],"curies":[{"name":"wp","href":"https:\/\/api.w.org\/{rel}","templated":true}]}}

<p><a href="https://prendre-soin.org/wp-content/uploads/2019/09/Projet-de-lassociation.pdf">Association à but non lucratif ayant pour&nbsp;objectif de donner aux personnes sans ressources l&rsquo;accès aux soins du dispensaire LANODO </a></p>



<p><a href="https://prendre-soin.org/wp-content/uploads/2024/02/Stage-et-prix-2024.pdf" data-type="link" data-id="https://prendre-soin.org/wp-content/uploads/2024/02/Stage-et-prix-2024.pdf">Organisation de stages humanitaires et bénévolats</a></p>



<p></p>



<p><strong>BUTS</strong>&nbsp;:<br>Rendre&nbsp; les soins infirmiers accessibles à tous.</p>



<p>Un des objectifs principaux&nbsp;: promotion de la santé publique. Nous ne voulons pas nous substituer à l’état, mais apporter notre pierre à l’édifice&nbsp;: Santé publique.&nbsp;</p>



<p>Etre active dans la formation des jeunes surtout dans les milieux défavorisés.</p>



<p>Etre un pont entre les pays développés&nbsp; et les pays en voie de développement.</p>



<p>L’association va agir selon le code civil Suisse où se trouve son &nbsp;siège principal.</p>



<p>Toutefois il y aura une antenne chargée de coordonner les activités de l’association dans le pays&nbsp; où l’association exerce la plupart de ses activités.</p>



<p><a href="https://prendre-soin.org/wp-content/uploads/2019/09/Procès-verbal-18-juin-2019-Signé.pdf">Procès verbal de l&rsquo;assemblée constitutive </a>  &#8211;  <a href="https://prendre-soin.org/wp-content/uploads/2019/09/Statuts-Prendre-soin-signé.pdf"> Statuts prendre soin</a></p>

<!-- This site is optimized with the Yoast SEO plugin v23.1 - https://yoast.com/wordpress/plugins/seo/ -->
<title>Prendre-soin - Prendre Soin</title>
<meta name="robots" content="index, follow, max-snippet:-1, max-image-preview:large, max-video-preview:-1" />
<link rel="canonical" href="https://prendre-soin.org/" />
<meta property="og:locale" content="fr_FR" />
<meta property="og:type" content="article" />
<meta property="og:title" content="Prendre-soin - Prendre Soin" />
<meta property="og:description" content="Ceci est un extrait Continuer la lecture &rarr;" />
<meta property="og:url" content="https://prendre-soin.org/" />
<meta property="og:site_name" content="Prendre Soin" />
<meta property="article:modified_time" content="2024-02-08T09:56:42+00:00" />
<meta name="twitter:card" content="summary_large_image" />
<meta name="twitter:label1" content="Durée de lecture estimée" />
	<meta name="twitter:data1" content="1 minute" />
<script type="application/ld+json" class="yoast-schema-graph">{"@context":"https://schema.org","@graph":[{"@type":"WebPage","@id":"https://prendre-soin.org/","url":"https://prendre-soin.org/","name":"Prendre-soin - Prendre Soin","isPartOf":{"@id":"https://prendre-soin.org/#website"},"datePublished":"2019-04-30T08:19:04+00:00","dateModified":"2024-02-08T09:56:42+00:00","breadcrumb":{"@id":"https://prendre-soin.org/#breadcrumb"},"inLanguage":"fr-FR","potentialAction":[{"@type":"ReadAction","target":["https://prendre-soin.org/"]}]},{"@type":"BreadcrumbList","@id":"https://prendre-soin.org/#breadcrumb","itemListElement":[{"@type":"ListItem","position":1,"name":"Accueil","item":"https://prendre-soin.org/"},{"@type":"ListItem","position":2,"name":"Prendre-soin"}]},{"@type":"WebSite","@id":"https://prendre-soin.org/#website","url":"https://prendre-soin.org/","name":"Prendre Soin","description":"Association à but non lucratif ayant pour but de donner aux personnes sans ressources l&#039;accès aux soins du dispensaire LANODO","publisher":{"@id":"https://prendre-soin.org/#organization"},"potentialAction":[{"@type":"SearchAction","target":{"@type":"EntryPoint","urlTemplate":"https://prendre-soin.org/?s={search_term_string}"},"query-input":"required name=search_term_string"}],"inLanguage":"fr-FR"},{"@type":"Organization","@id":"https://prendre-soin.org/#organization","name":"Prendre Soin","url":"https://prendre-soin.org/","logo":{"@type":"ImageObject","inLanguage":"fr-FR","@id":"https://prendre-soin.org/#/schema/logo/image/","url":"https://prendre-soin.org/wp-content/uploads/2024/07/Logo-Prendre-soi-et-mains.png","contentUrl":"https://prendre-soin.org/wp-content/uploads/2024/07/Logo-Prendre-soi-et-mains.png","width":650,"height":116,"caption":"Prendre Soin"},"image":{"@id":"https://prendre-soin.org/#/schema/logo/image/"}}]}</script>
<!-- / Yoast SEO plugin. -->

Association à but non lucratif ayant pour but de donner aux personnes sans ressources l&#039;accès aux soins du dispensaire LANODO
