{"id":384,"date":"2023-02-17T10:14:36","date_gmt":"2023-02-17T09:14:36","guid":{"rendered":"https:\/\/prendre-soin.org\/?page_id=384"},"modified":"2023-02-17T11:07:22","modified_gmt":"2023-02-17T10:07:22","slug":"photos-decembre-2022","status":"publish","type":"page","link":"https:\/\/prendre-soin.org\/index.php\/asot\/photos-decembre-2022\/","title":{"rendered":"Photos &#8211; Dons"},"content":{"rendered":"\n<p>Photos des dons envoy\u00e9s pour No\u00ebl 2022 \u00e0 La Pouponni\u00e8re &#8211; Lom\u00e9, SOS Village d&rsquo;enfants &#8211; Lom\u00e9 et Le Sina\u00ef \u00e0 Kpalim\u00e9<\/p>\n\n\n\n<div class=\"wp-block-group\"><div class=\"wp-block-group__inner-container is-layout-constrained wp-block-group-is-layout-constrained\">\n<div class=\"wp-block-columns is-layout-flex wp-container-core-columns-is-layout-9d6595d7 wp-block-columns-is-layout-flex\">\n<div class=\"wp-block-column is-layout-flow wp-block-column-is-layout-flow\" style=\"flex-basis:100%\">\n<figure class=\"wp-block-gallery has-nested-images columns-default is-cropped wp-block-gallery-1 is-layout-flex wp-block-gallery-is-layout-flex\">\n<figure class=\"wp-block-image size-large\"><img loading=\"lazy\" decoding=\"async\" width=\"767\" height=\"1024\" data-id=\"387\" src=\"https:\/\/prendre-soin.org\/wp-content\/uploads\/2023\/02\/IMG-20230119-WA0007-767x1024.jpg\" alt=\"\" class=\"wp-image-387\" srcset=\"https:\/\/prendre-soin.org\/wp-content\/uploads\/2023\/02\/IMG-20230119-WA0007-767x1024.jpg 767w, https:\/\/prendre-soin.org\/wp-content\/uploads\/2023\/02\/IMG-20230119-WA0007-225x300.jpg 225w, https:\/\/prendre-soin.org\/wp-content\/uploads\/2023\/02\/IMG-20230119-WA0007-768x1025.jpg 768w, https:\/\/prendre-soin.org\/wp-content\/uploads\/2023\/02\/IMG-20230119-WA0007.jpg 809w\" sizes=\"auto, (max-width: 767px) 100vw, 767px\" \/><figcaption class=\"wp-element-caption\">Lettre de remerciement<\/figcaption><\/figure>\n\n\n\n<figure class=\"wp-block-image size-large\"><img loading=\"lazy\" decoding=\"async\" width=\"1024\" height=\"768\" data-id=\"386\" src=\"https:\/\/prendre-soin.org\/wp-content\/uploads\/2023\/02\/IMG-20221222-WA0003-1024x768.jpg\" alt=\"\" class=\"wp-image-386\" srcset=\"https:\/\/prendre-soin.org\/wp-content\/uploads\/2023\/02\/IMG-20221222-WA0003-1024x768.jpg 1024w, https:\/\/prendre-soin.org\/wp-content\/uploads\/2023\/02\/IMG-20221222-WA0003-300x225.jpg 300w, https:\/\/prendre-soin.org\/wp-content\/uploads\/2023\/02\/IMG-20221222-WA0003-768x576.jpg 768w, https:\/\/prendre-soin.org\/wp-content\/uploads\/2023\/02\/IMG-20221222-WA0003-400x300.jpg 400w, https:\/\/prendre-soin.org\/wp-content\/uploads\/2023\/02\/IMG-20221222-WA0003.jpg 1080w\" sizes=\"auto, (max-width: 1024px) 100vw, 1024px\" \/><figcaption class=\"wp-element-caption\">Dons<\/figcaption><\/figure>\n\n\n\n<figure class=\"wp-block-image size-large\"><img loading=\"lazy\" decoding=\"async\" width=\"1024\" height=\"768\" data-id=\"385\" src=\"https:\/\/prendre-soin.org\/wp-content\/uploads\/2023\/02\/IMG-20221221-WA0003-1024x768.jpg\" alt=\"\" class=\"wp-image-385\" srcset=\"https:\/\/prendre-soin.org\/wp-content\/uploads\/2023\/02\/IMG-20221221-WA0003-1024x768.jpg 1024w, https:\/\/prendre-soin.org\/wp-content\/uploads\/2023\/02\/IMG-20221221-WA0003-300x225.jpg 300w, https:\/\/prendre-soin.org\/wp-content\/uploads\/2023\/02\/IMG-20221221-WA0003-768x576.jpg 768w, https:\/\/prendre-soin.org\/wp-content\/uploads\/2023\/02\/IMG-20221221-WA0003-400x300.jpg 400w, https:\/\/prendre-soin.org\/wp-content\/uploads\/2023\/02\/IMG-20221221-WA0003.jpg 1080w\" sizes=\"auto, (max-width: 1024px) 100vw, 1024px\" \/><figcaption class=\"wp-element-caption\">La Pouponni\u00e8re &#8211; Lom\u00e9<\/figcaption><\/figure>\n<\/figure>\n<\/div>\n<\/div>\n<\/div><\/div>\n\n\n\n<figure class=\"wp-block-video\"><video height=\"352\" style=\"aspect-ratio: 640 \/ 352;\" width=\"640\" controls src=\"https:\/\/prendre-soin.org\/wp-content\/uploads\/2023\/02\/VID-20221223-WA0006.mp4\"><\/video><\/figure>\n\n\n\n<figure class=\"wp-block-video\"><video height=\"352\" style=\"aspect-ratio: 640 \/ 352;\" width=\"640\" controls src=\"https:\/\/prendre-soin.org\/wp-content\/uploads\/2023\/02\/VID-20221222-WA0002.mp4\"><\/video><\/figure>\n\n\n\n<figure class=\"wp-block-video\"><video height=\"352\" style=\"aspect-ratio: 640 \/ 352;\" width=\"640\" controls src=\"https:\/\/prendre-soin.org\/wp-content\/uploads\/2023\/02\/VID-20221222-WA0001.mp4\"><\/video><\/figure>\n\n\n\n<figure class=\"wp-block-video\"><video height=\"352\" style=\"aspect-ratio: 640 \/ 352;\" width=\"640\" controls src=\"https:\/\/prendre-soin.org\/wp-content\/uploads\/2023\/02\/VID-20221221-WA0004.mp4\"><\/video><\/figure>\n\n\n\n<figure class=\"wp-block-video\"><video height=\"352\" style=\"aspect-ratio: 640 \/ 352;\" width=\"640\" controls src=\"https:\/\/prendre-soin.org\/wp-content\/uploads\/2023\/02\/VID-20221221-WA0001.mp4\"><\/video><\/figure>\n","protected":false},"excerpt":{"rendered":"<p>Photos des dons envoy\u00e9s pour No\u00ebl 2022 \u00e0 La Pouponni\u00e8re &#8211; Lom\u00e9, SOS Village d&rsquo;enfants &#8211; Lom\u00e9 et Le Sina\u00ef \u00e0 Kpalim\u00e9<\/p>\n","protected":false},"author":1,"featured_media":0,"parent":348,"menu_order":1,"comment_status":"closed","ping_status":"closed","template":"","meta":{"footnotes":""},"class_list":["post-384","page","type-page","status-publish","hentry"],"yoast_head":"<!-- This site is optimized with the Yoast SEO plugin v23.1 - https:\/\/yoast.com\/wordpress\/plugins\/seo\/ -->\n<title>Photos - Dons - Prendre Soin<\/title>\n<meta name=\"robots\" content=\"index, follow, max-snippet:-1, max-image-preview:large, max-video-preview:-1\" \/>\n<link rel=\"canonical\" href=\"https:\/\/prendre-soin.org\/index.php\/asot\/photos-decembre-2022\/\" \/>\n<meta property=\"og:locale\" content=\"fr_FR\" \/>\n<meta property=\"og:type\" content=\"article\" \/>\n<meta property=\"og:title\" content=\"Photos - Dons - Prendre Soin\" \/>\n<meta property=\"og:description\" content=\"Photos des dons envoy\u00e9s pour No\u00ebl 2022 \u00e0 La Pouponni\u00e8re &#8211; Lom\u00e9, SOS Village d&rsquo;enfants &#8211; Lom\u00e9 et Le Sina\u00ef \u00e0 Kpalim\u00e9\" \/>\n<meta property=\"og:url\" content=\"https:\/\/prendre-soin.org\/index.php\/asot\/photos-decembre-2022\/\" \/>\n<meta property=\"og:site_name\" content=\"Prendre Soin\" \/>\n<meta property=\"article:modified_time\" content=\"2023-02-17T10:07:22+00:00\" \/>\n<meta property=\"og:image\" content=\"https:\/\/prendre-soin.org\/wp-content\/uploads\/2023\/02\/IMG-20230119-WA0007-767x1024.jpg\" \/>\n<meta name=\"twitter:card\" content=\"summary_large_image\" \/>\n<script type=\"application\/ld+json\" class=\"yoast-schema-graph\">{\"@context\":\"https:\/\/schema.org\",\"@graph\":[{\"@type\":\"WebPage\",\"@id\":\"https:\/\/prendre-soin.org\/index.php\/asot\/photos-decembre-2022\/\",\"url\":\"https:\/\/prendre-soin.org\/index.php\/asot\/photos-decembre-2022\/\",\"name\":\"Photos - Dons - Prendre Soin\",\"isPartOf\":{\"@id\":\"https:\/\/prendre-soin.org\/#website\"},\"primaryImageOfPage\":{\"@id\":\"https:\/\/prendre-soin.org\/index.php\/asot\/photos-decembre-2022\/#primaryimage\"},\"image\":{\"@id\":\"https:\/\/prendre-soin.org\/index.php\/asot\/photos-decembre-2022\/#primaryimage\"},\"thumbnailUrl\":\"https:\/\/prendre-soin.org\/wp-content\/uploads\/2023\/02\/IMG-20230119-WA0007-767x1024.jpg\",\"datePublished\":\"2023-02-17T09:14:36+00:00\",\"dateModified\":\"2023-02-17T10:07:22+00:00\",\"breadcrumb\":{\"@id\":\"https:\/\/prendre-soin.org\/index.php\/asot\/photos-decembre-2022\/#breadcrumb\"},\"inLanguage\":\"fr-FR\",\"potentialAction\":[{\"@type\":\"ReadAction\",\"target\":[\"https:\/\/prendre-soin.org\/index.php\/asot\/photos-decembre-2022\/\"]}]},{\"@type\":\"ImageObject\",\"inLanguage\":\"fr-FR\",\"@id\":\"https:\/\/prendre-soin.org\/index.php\/asot\/photos-decembre-2022\/#primaryimage\",\"url\":\"https:\/\/prendre-soin.org\/wp-content\/uploads\/2023\/02\/IMG-20230119-WA0007.jpg\",\"contentUrl\":\"https:\/\/prendre-soin.org\/wp-content\/uploads\/2023\/02\/IMG-20230119-WA0007.jpg\",\"width\":809,\"height\":1080,\"caption\":\"Lettre de remerciement\"},{\"@type\":\"BreadcrumbList\",\"@id\":\"https:\/\/prendre-soin.org\/index.php\/asot\/photos-decembre-2022\/#breadcrumb\",\"itemListElement\":[{\"@type\":\"ListItem\",\"position\":1,\"name\":\"Accueil\",\"item\":\"https:\/\/prendre-soin.org\/\"},{\"@type\":\"ListItem\",\"position\":2,\"name\":\"ASOT\",\"item\":\"https:\/\/prendre-soin.org\/index.php\/asot\/\"},{\"@type\":\"ListItem\",\"position\":3,\"name\":\"Photos &#8211; Dons\"}]},{\"@type\":\"WebSite\",\"@id\":\"https:\/\/prendre-soin.org\/#website\",\"url\":\"https:\/\/prendre-soin.org\/\",\"name\":\"Prendre Soin\",\"description\":\"Association \u00e0 but non lucratif ayant pour but de donner aux personnes sans ressources l&#039;acc\u00e8s aux soins du dispensaire LANODO\",\"publisher\":{\"@id\":\"https:\/\/prendre-soin.org\/#organization\"},\"potentialAction\":[{\"@type\":\"SearchAction\",\"target\":{\"@type\":\"EntryPoint\",\"urlTemplate\":\"https:\/\/prendre-soin.org\/?s={search_term_string}\"},\"query-input\":\"required name=search_term_string\"}],\"inLanguage\":\"fr-FR\"},{\"@type\":\"Organization\",\"@id\":\"https:\/\/prendre-soin.org\/#organization\",\"name\":\"Prendre Soin\",\"url\":\"https:\/\/prendre-soin.org\/\",\"logo\":{\"@type\":\"ImageObject\",\"inLanguage\":\"fr-FR\",\"@id\":\"https:\/\/prendre-soin.org\/#\/schema\/logo\/image\/\",\"url\":\"https:\/\/prendre-soin.org\/wp-content\/uploads\/2024\/07\/Logo-Prendre-soi-et-mains.png\",\"contentUrl\":\"https:\/\/prendre-soin.org\/wp-content\/uploads\/2024\/07\/Logo-Prendre-soi-et-mains.png\",\"width\":650,\"height\":116,\"caption\":\"Prendre Soin\"},\"image\":{\"@id\":\"https:\/\/prendre-soin.org\/#\/schema\/logo\/image\/\"}}]}<\/script>\n<!-- \/ Yoast SEO plugin. -->","yoast_head_json":{"title":"Photos - Dons - Prendre Soin","robots":{"index":"index","follow":"follow","max-snippet":"max-snippet:-1","max-image-preview":"max-image-preview:large","max-video-preview":"max-video-preview:-1"},"canonical":"https:\/\/prendre-soin.org\/index.php\/asot\/photos-decembre-2022\/","og_locale":"fr_FR","og_type":"article","og_title":"Photos - Dons - Prendre Soin","og_description":"Photos des dons envoy\u00e9s pour No\u00ebl 2022 \u00e0 La Pouponni\u00e8re &#8211; Lom\u00e9, SOS Village d&rsquo;enfants &#8211; Lom\u00e9 et Le Sina\u00ef \u00e0 Kpalim\u00e9","og_url":"https:\/\/prendre-soin.org\/index.php\/asot\/photos-decembre-2022\/","og_site_name":"Prendre Soin","article_modified_time":"2023-02-17T10:07:22+00:00","og_image":[{"url":"https:\/\/prendre-soin.org\/wp-content\/uploads\/2023\/02\/IMG-20230119-WA0007-767x1024.jpg"}],"twitter_card":"summary_large_image","schema":{"@context":"https:\/\/schema.org","@graph":[{"@type":"WebPage","@id":"https:\/\/prendre-soin.org\/index.php\/asot\/photos-decembre-2022\/","url":"https:\/\/prendre-soin.org\/index.php\/asot\/photos-decembre-2022\/","name":"Photos - Dons - Prendre Soin","isPartOf":{"@id":"https:\/\/prendre-soin.org\/#website"},"primaryImageOfPage":{"@id":"https:\/\/prendre-soin.org\/index.php\/asot\/photos-decembre-2022\/#primaryimage"},"image":{"@id":"https:\/\/prendre-soin.org\/index.php\/asot\/photos-decembre-2022\/#primaryimage"},"thumbnailUrl":"https:\/\/prendre-soin.org\/wp-content\/uploads\/2023\/02\/IMG-20230119-WA0007-767x1024.jpg","datePublished":"2023-02-17T09:14:36+00:00","dateModified":"2023-02-17T10:07:22+00:00","breadcrumb":{"@id":"https:\/\/prendre-soin.org\/index.php\/asot\/photos-decembre-2022\/#breadcrumb"},"inLanguage":"fr-FR","potentialAction":[{"@type":"ReadAction","target":["https:\/\/prendre-soin.org\/index.php\/asot\/photos-decembre-2022\/"]}]},{"@type":"ImageObject","inLanguage":"fr-FR","@id":"https:\/\/prendre-soin.org\/index.php\/asot\/photos-decembre-2022\/#primaryimage","url":"https:\/\/prendre-soin.org\/wp-content\/uploads\/2023\/02\/IMG-20230119-WA0007.jpg","contentUrl":"https:\/\/prendre-soin.org\/wp-content\/uploads\/2023\/02\/IMG-20230119-WA0007.jpg","width":809,"height":1080,"caption":"Lettre de remerciement"},{"@type":"BreadcrumbList","@id":"https:\/\/prendre-soin.org\/index.php\/asot\/photos-decembre-2022\/#breadcrumb","itemListElement":[{"@type":"ListItem","position":1,"name":"Accueil","item":"https:\/\/prendre-soin.org\/"},{"@type":"ListItem","position":2,"name":"ASOT","item":"https:\/\/prendre-soin.org\/index.php\/asot\/"},{"@type":"ListItem","position":3,"name":"Photos &#8211; Dons"}]},{"@type":"WebSite","@id":"https:\/\/prendre-soin.org\/#website","url":"https:\/\/prendre-soin.org\/","name":"Prendre Soin","description":"Association \u00e0 but non lucratif ayant pour but de donner aux personnes sans ressources l&#039;acc\u00e8s aux soins du dispensaire LANODO","publisher":{"@id":"https:\/\/prendre-soin.org\/#organization"},"potentialAction":[{"@type":"SearchAction","target":{"@type":"EntryPoint","urlTemplate":"https:\/\/prendre-soin.org\/?s={search_term_string}"},"query-input":"required name=search_term_string"}],"inLanguage":"fr-FR"},{"@type":"Organization","@id":"https:\/\/prendre-soin.org\/#organization","name":"Prendre Soin","url":"https:\/\/prendre-soin.org\/","logo":{"@type":"ImageObject","inLanguage":"fr-FR","@id":"https:\/\/prendre-soin.org\/#\/schema\/logo\/image\/","url":"https:\/\/prendre-soin.org\/wp-content\/uploads\/2024\/07\/Logo-Prendre-soi-et-mains.png","contentUrl":"https:\/\/prendre-soin.org\/wp-content\/uploads\/2024\/07\/Logo-Prendre-soi-et-mains.png","width":650,"height":116,"caption":"Prendre Soin"},"image":{"@id":"https:\/\/prendre-soin.org\/#\/schema\/logo\/image\/"}}]}},"_links":{"self":[{"href":"https:\/\/prendre-soin.org\/index.php\/wp-json\/wp\/v2\/pages\/384","targetHints":{"allow":["GET"]}}],"collection":[{"href":"https:\/\/prendre-soin.org\/index.php\/wp-json\/wp\/v2\/pages"}],"about":[{"href":"https:\/\/prendre-soin.org\/index.php\/wp-json\/wp\/v2\/types\/page"}],"author":[{"embeddable":true,"href":"https:\/\/prendre-soin.org\/index.php\/wp-json\/wp\/v2\/users\/1"}],"replies":[{"embeddable":true,"href":"https:\/\/prendre-soin.org\/index.php\/wp-json\/wp\/v2\/comments?post=384"}],"version-history":[{"count":2,"href":"https:\/\/prendre-soin.org\/index.php\/wp-json\/wp\/v2\/pages\/384\/revisions"}],"predecessor-version":[{"id":395,"href":"https:\/\/prendre-soin.org\/index.php\/wp-json\/wp\/v2\/pages\/384\/revisions\/395"}],"up":[{"embeddable":true,"href":"https:\/\/prendre-soin.org\/index.php\/wp-json\/wp\/v2\/pages\/348"}],"wp:attachment":[{"href":"https:\/\/prendre-soin.org\/index.php\/wp-json\/wp\/v2\/media?parent=384"}],"curies":[{"name":"wp","href":"https:\/\/api.w.org\/{rel}","templated":true}]}}