{"id":493,"date":"2024-07-19T10:16:54","date_gmt":"2024-07-19T08:16:54","guid":{"rendered":"https:\/\/prendre-soin.org\/?page_id=493"},"modified":"2024-07-19T15:36:28","modified_gmt":"2024-07-19T13:36:28","slug":"collecte-de-dons-acheminement-materiel-medical-togo-container","status":"publish","type":"page","link":"https:\/\/prendre-soin.org\/index.php\/prendre-soin\/collecte-de-dons-acheminement-materiel-medical-togo-container\/","title":{"rendered":"Collecte de dons"},"content":{"rendered":"\n<p>Lien document : <a href=\"https:\/\/prendre-soin.org\/wp-content\/uploads\/2024\/07\/Appel-de-dons-1.pdf\">https:\/\/prendre-soin.org\/wp-content\/uploads\/2024\/07\/Appel-de-dons-1.pdf<\/a><\/p>\n\n\n\n<p>Lien YouTube, vid\u00e9o de remerciements :<a href=\"https:\/\/www.youtube.com\/watch?v=bW6VLnVO9XA\"> https:\/\/www.youtube.com\/watch?v=bW6VLnVO9XA<\/a><\/p>\n\n\n\n<figure class=\"wp-block-image size-full\"><img loading=\"lazy\" decoding=\"async\" width=\"600\" height=\"838\" src=\"https:\/\/prendre-soin.org\/wp-content\/uploads\/2024\/07\/image-2.png\" alt=\"\" class=\"wp-image-528\" srcset=\"https:\/\/prendre-soin.org\/wp-content\/uploads\/2024\/07\/image-2.png 600w, https:\/\/prendre-soin.org\/wp-content\/uploads\/2024\/07\/image-2-215x300.png 215w\" sizes=\"auto, (max-width: 600px) 100vw, 600px\" \/><\/figure>\n\n\n\n<p><\/p>\n","protected":false},"excerpt":{"rendered":"<p>Lien document : https:\/\/prendre-soin.org\/wp-content\/uploads\/2024\/07\/Appel-de-dons-1.pdf Lien YouTube, vid\u00e9o de remerciements : https:\/\/www.youtube.com\/watch?v=bW6VLnVO9XA<\/p>\n","protected":false},"author":1,"featured_media":0,"parent":13,"menu_order":0,"comment_status":"closed","ping_status":"closed","template":"","meta":{"footnotes":""},"class_list":["post-493","page","type-page","status-publish","hentry"],"yoast_head":"<!-- This site is optimized with the Yoast SEO plugin v23.1 - https:\/\/yoast.com\/wordpress\/plugins\/seo\/ -->\n<title>Collecte de dons - Prendre Soin<\/title>\n<meta name=\"description\" content=\"Demande de soutien financier pour l&#039;envoi de mat\u00e9riel re\u00e7u pour l&#039;association par RHNe et autres g\u00e9n\u00e9reux donateurs\" \/>\n<meta name=\"robots\" content=\"index, follow, max-snippet:-1, max-image-preview:large, max-video-preview:-1\" \/>\n<link rel=\"canonical\" href=\"https:\/\/prendre-soin.org\/index.php\/prendre-soin\/collecte-de-dons-acheminement-materiel-medical-togo-container\/\" \/>\n<meta property=\"og:locale\" content=\"fr_FR\" \/>\n<meta property=\"og:type\" content=\"article\" \/>\n<meta property=\"og:title\" content=\"Collecte de dons - Prendre Soin\" \/>\n<meta property=\"og:description\" content=\"Demande de soutien financier pour l&#039;envoi de mat\u00e9riel re\u00e7u pour l&#039;association par RHNe et autres g\u00e9n\u00e9reux donateurs\" \/>\n<meta property=\"og:url\" content=\"https:\/\/prendre-soin.org\/index.php\/prendre-soin\/collecte-de-dons-acheminement-materiel-medical-togo-container\/\" \/>\n<meta property=\"og:site_name\" content=\"Prendre Soin\" \/>\n<meta property=\"article:modified_time\" content=\"2024-07-19T13:36:28+00:00\" \/>\n<meta property=\"og:image\" content=\"https:\/\/prendre-soin.org\/wp-content\/uploads\/2024\/07\/image-2.png\" \/>\n<meta name=\"twitter:card\" content=\"summary_large_image\" \/>\n<meta name=\"twitter:label1\" content=\"Dur\u00e9e de lecture estim\u00e9e\" \/>\n\t<meta name=\"twitter:data1\" content=\"1 minute\" \/>\n<script type=\"application\/ld+json\" class=\"yoast-schema-graph\">{\"@context\":\"https:\/\/schema.org\",\"@graph\":[{\"@type\":\"WebPage\",\"@id\":\"https:\/\/prendre-soin.org\/index.php\/prendre-soin\/collecte-de-dons-acheminement-materiel-medical-togo-container\/\",\"url\":\"https:\/\/prendre-soin.org\/index.php\/prendre-soin\/collecte-de-dons-acheminement-materiel-medical-togo-container\/\",\"name\":\"Collecte de dons - Prendre Soin\",\"isPartOf\":{\"@id\":\"https:\/\/prendre-soin.org\/#website\"},\"primaryImageOfPage\":{\"@id\":\"https:\/\/prendre-soin.org\/index.php\/prendre-soin\/collecte-de-dons-acheminement-materiel-medical-togo-container\/#primaryimage\"},\"image\":{\"@id\":\"https:\/\/prendre-soin.org\/index.php\/prendre-soin\/collecte-de-dons-acheminement-materiel-medical-togo-container\/#primaryimage\"},\"thumbnailUrl\":\"https:\/\/prendre-soin.org\/wp-content\/uploads\/2024\/07\/image-2.png\",\"datePublished\":\"2024-07-19T08:16:54+00:00\",\"dateModified\":\"2024-07-19T13:36:28+00:00\",\"description\":\"Demande de soutien financier pour l'envoi de mat\u00e9riel re\u00e7u pour l'association par RHNe et autres g\u00e9n\u00e9reux donateurs\",\"breadcrumb\":{\"@id\":\"https:\/\/prendre-soin.org\/index.php\/prendre-soin\/collecte-de-dons-acheminement-materiel-medical-togo-container\/#breadcrumb\"},\"inLanguage\":\"fr-FR\",\"potentialAction\":[{\"@type\":\"ReadAction\",\"target\":[\"https:\/\/prendre-soin.org\/index.php\/prendre-soin\/collecte-de-dons-acheminement-materiel-medical-togo-container\/\"]}]},{\"@type\":\"ImageObject\",\"inLanguage\":\"fr-FR\",\"@id\":\"https:\/\/prendre-soin.org\/index.php\/prendre-soin\/collecte-de-dons-acheminement-materiel-medical-togo-container\/#primaryimage\",\"url\":\"https:\/\/prendre-soin.org\/wp-content\/uploads\/2024\/07\/image-2.png\",\"contentUrl\":\"https:\/\/prendre-soin.org\/wp-content\/uploads\/2024\/07\/image-2.png\",\"width\":600,\"height\":838},{\"@type\":\"BreadcrumbList\",\"@id\":\"https:\/\/prendre-soin.org\/index.php\/prendre-soin\/collecte-de-dons-acheminement-materiel-medical-togo-container\/#breadcrumb\",\"itemListElement\":[{\"@type\":\"ListItem\",\"position\":1,\"name\":\"Accueil\",\"item\":\"https:\/\/prendre-soin.org\/\"},{\"@type\":\"ListItem\",\"position\":2,\"name\":\"Prendre-soin\",\"item\":\"https:\/\/prendre-soin.org\/\"},{\"@type\":\"ListItem\",\"position\":3,\"name\":\"Collecte de dons\"}]},{\"@type\":\"WebSite\",\"@id\":\"https:\/\/prendre-soin.org\/#website\",\"url\":\"https:\/\/prendre-soin.org\/\",\"name\":\"Prendre Soin\",\"description\":\"Association \u00e0 but non lucratif ayant pour but de donner aux personnes sans ressources l&#039;acc\u00e8s aux soins du dispensaire LANODO\",\"publisher\":{\"@id\":\"https:\/\/prendre-soin.org\/#organization\"},\"potentialAction\":[{\"@type\":\"SearchAction\",\"target\":{\"@type\":\"EntryPoint\",\"urlTemplate\":\"https:\/\/prendre-soin.org\/?s={search_term_string}\"},\"query-input\":\"required name=search_term_string\"}],\"inLanguage\":\"fr-FR\"},{\"@type\":\"Organization\",\"@id\":\"https:\/\/prendre-soin.org\/#organization\",\"name\":\"Prendre Soin\",\"url\":\"https:\/\/prendre-soin.org\/\",\"logo\":{\"@type\":\"ImageObject\",\"inLanguage\":\"fr-FR\",\"@id\":\"https:\/\/prendre-soin.org\/#\/schema\/logo\/image\/\",\"url\":\"https:\/\/prendre-soin.org\/wp-content\/uploads\/2024\/07\/Logo-Prendre-soi-et-mains.png\",\"contentUrl\":\"https:\/\/prendre-soin.org\/wp-content\/uploads\/2024\/07\/Logo-Prendre-soi-et-mains.png\",\"width\":650,\"height\":116,\"caption\":\"Prendre Soin\"},\"image\":{\"@id\":\"https:\/\/prendre-soin.org\/#\/schema\/logo\/image\/\"}}]}<\/script>\n<!-- \/ Yoast SEO plugin. -->","yoast_head_json":{"title":"Collecte de dons - Prendre Soin","description":"Demande de soutien financier pour l'envoi de mat\u00e9riel re\u00e7u pour l'association par RHNe et autres g\u00e9n\u00e9reux donateurs","robots":{"index":"index","follow":"follow","max-snippet":"max-snippet:-1","max-image-preview":"max-image-preview:large","max-video-preview":"max-video-preview:-1"},"canonical":"https:\/\/prendre-soin.org\/index.php\/prendre-soin\/collecte-de-dons-acheminement-materiel-medical-togo-container\/","og_locale":"fr_FR","og_type":"article","og_title":"Collecte de dons - Prendre Soin","og_description":"Demande de soutien financier pour l'envoi de mat\u00e9riel re\u00e7u pour l'association par RHNe et autres g\u00e9n\u00e9reux donateurs","og_url":"https:\/\/prendre-soin.org\/index.php\/prendre-soin\/collecte-de-dons-acheminement-materiel-medical-togo-container\/","og_site_name":"Prendre Soin","article_modified_time":"2024-07-19T13:36:28+00:00","og_image":[{"url":"https:\/\/prendre-soin.org\/wp-content\/uploads\/2024\/07\/image-2.png"}],"twitter_card":"summary_large_image","twitter_misc":{"Dur\u00e9e de lecture estim\u00e9e":"1 minute"},"schema":{"@context":"https:\/\/schema.org","@graph":[{"@type":"WebPage","@id":"https:\/\/prendre-soin.org\/index.php\/prendre-soin\/collecte-de-dons-acheminement-materiel-medical-togo-container\/","url":"https:\/\/prendre-soin.org\/index.php\/prendre-soin\/collecte-de-dons-acheminement-materiel-medical-togo-container\/","name":"Collecte de dons - Prendre Soin","isPartOf":{"@id":"https:\/\/prendre-soin.org\/#website"},"primaryImageOfPage":{"@id":"https:\/\/prendre-soin.org\/index.php\/prendre-soin\/collecte-de-dons-acheminement-materiel-medical-togo-container\/#primaryimage"},"image":{"@id":"https:\/\/prendre-soin.org\/index.php\/prendre-soin\/collecte-de-dons-acheminement-materiel-medical-togo-container\/#primaryimage"},"thumbnailUrl":"https:\/\/prendre-soin.org\/wp-content\/uploads\/2024\/07\/image-2.png","datePublished":"2024-07-19T08:16:54+00:00","dateModified":"2024-07-19T13:36:28+00:00","description":"Demande de soutien financier pour l'envoi de mat\u00e9riel re\u00e7u pour l'association par RHNe et autres g\u00e9n\u00e9reux donateurs","breadcrumb":{"@id":"https:\/\/prendre-soin.org\/index.php\/prendre-soin\/collecte-de-dons-acheminement-materiel-medical-togo-container\/#breadcrumb"},"inLanguage":"fr-FR","potentialAction":[{"@type":"ReadAction","target":["https:\/\/prendre-soin.org\/index.php\/prendre-soin\/collecte-de-dons-acheminement-materiel-medical-togo-container\/"]}]},{"@type":"ImageObject","inLanguage":"fr-FR","@id":"https:\/\/prendre-soin.org\/index.php\/prendre-soin\/collecte-de-dons-acheminement-materiel-medical-togo-container\/#primaryimage","url":"https:\/\/prendre-soin.org\/wp-content\/uploads\/2024\/07\/image-2.png","contentUrl":"https:\/\/prendre-soin.org\/wp-content\/uploads\/2024\/07\/image-2.png","width":600,"height":838},{"@type":"BreadcrumbList","@id":"https:\/\/prendre-soin.org\/index.php\/prendre-soin\/collecte-de-dons-acheminement-materiel-medical-togo-container\/#breadcrumb","itemListElement":[{"@type":"ListItem","position":1,"name":"Accueil","item":"https:\/\/prendre-soin.org\/"},{"@type":"ListItem","position":2,"name":"Prendre-soin","item":"https:\/\/prendre-soin.org\/"},{"@type":"ListItem","position":3,"name":"Collecte de dons"}]},{"@type":"WebSite","@id":"https:\/\/prendre-soin.org\/#website","url":"https:\/\/prendre-soin.org\/","name":"Prendre Soin","description":"Association \u00e0 but non lucratif ayant pour but de donner aux personnes sans ressources l&#039;acc\u00e8s aux soins du dispensaire LANODO","publisher":{"@id":"https:\/\/prendre-soin.org\/#organization"},"potentialAction":[{"@type":"SearchAction","target":{"@type":"EntryPoint","urlTemplate":"https:\/\/prendre-soin.org\/?s={search_term_string}"},"query-input":"required name=search_term_string"}],"inLanguage":"fr-FR"},{"@type":"Organization","@id":"https:\/\/prendre-soin.org\/#organization","name":"Prendre Soin","url":"https:\/\/prendre-soin.org\/","logo":{"@type":"ImageObject","inLanguage":"fr-FR","@id":"https:\/\/prendre-soin.org\/#\/schema\/logo\/image\/","url":"https:\/\/prendre-soin.org\/wp-content\/uploads\/2024\/07\/Logo-Prendre-soi-et-mains.png","contentUrl":"https:\/\/prendre-soin.org\/wp-content\/uploads\/2024\/07\/Logo-Prendre-soi-et-mains.png","width":650,"height":116,"caption":"Prendre Soin"},"image":{"@id":"https:\/\/prendre-soin.org\/#\/schema\/logo\/image\/"}}]}},"_links":{"self":[{"href":"https:\/\/prendre-soin.org\/index.php\/wp-json\/wp\/v2\/pages\/493","targetHints":{"allow":["GET"]}}],"collection":[{"href":"https:\/\/prendre-soin.org\/index.php\/wp-json\/wp\/v2\/pages"}],"about":[{"href":"https:\/\/prendre-soin.org\/index.php\/wp-json\/wp\/v2\/types\/page"}],"author":[{"embeddable":true,"href":"https:\/\/prendre-soin.org\/index.php\/wp-json\/wp\/v2\/users\/1"}],"replies":[{"embeddable":true,"href":"https:\/\/prendre-soin.org\/index.php\/wp-json\/wp\/v2\/comments?post=493"}],"version-history":[{"count":8,"href":"https:\/\/prendre-soin.org\/index.php\/wp-json\/wp\/v2\/pages\/493\/revisions"}],"predecessor-version":[{"id":532,"href":"https:\/\/prendre-soin.org\/index.php\/wp-json\/wp\/v2\/pages\/493\/revisions\/532"}],"up":[{"embeddable":true,"href":"https:\/\/prendre-soin.org\/index.php\/wp-json\/wp\/v2\/pages\/13"}],"wp:attachment":[{"href":"https:\/\/prendre-soin.org\/index.php\/wp-json\/wp\/v2\/media?parent=493"}],"curies":[{"name":"wp","href":"https:\/\/api.w.org\/{rel}","templated":true}]}}